thousands digit of q(-6)?
5
Let b be ((-10)/4 + 3)*14. Suppose 8 + b = -5*a, -p + 24 = -4*a. Suppose 10*m - p*m + 54 = 0. What is the tens digit of m?
2
Let a(d) = 20*d**2 - 892*d - 4. What is the tens digit of a(62)?
7
What is the hundreds digit of ((886662/155)/(-14))/(1*6/(-40))?
7
Let x = 23 + -16. Suppose 4*g - 3*f = -x, -4*f = -10 - 10. What is the units digit of g?
2
Suppose 28*f + 228 = 40*f. Suppose -2*p + 75 = f. What is the units digit of p?
8
Let t = 20485 - -10151. What is the ten thousands digit of t?
3
Let m(q) = -q**2 - 4*q + 44. Let n be m(-8). Suppose 0 = -p - n*p + 4160. What is the hundreds digit of p?
3
Let a = 2364 + 3545. What is the units digit of a?
9
Let q = 11261 - -38794. What is the hundreds digit of q?
0
Let d(w) = 9*w - 1. Let q be d(-1). Let x(z) = z**3 + 11*z**2 + 9*z + 14. Let t be x(q). Let g = -10 + t. What is the tens digit of g?
1
Suppose -5*t - 3*s = 13 + 23, 4*t + 42 = 2*s. Let v = t + -122. Let p = -66 - v. What is the tens digit of p?
6
Let t = 42 - 37. Suppose 5884 = t*f - 3*u, -2*u + 703 = 3*f - 2816. Suppose -f = -11*r + 618. What is the tens digit of r?
6
Suppose k - 22 - 21 = 0. Let a = -9 + 22. Suppose -2*z = -k - a. What is the tens digit of z?
2
Suppose 7*u + 3464 = 15*u. Suppose -12*p + 17*p = 0, 3*p - u = -g. What is the tens digit of g?
3
Let y be ((-11)/(88/28))/(1/2). Let p(d) = -35*d. What is the hundreds digit of p(y)?
2
Let o be (-12 - -44)*(-3)/6. What is the thousands digit of ((-28)/12)/((o/(-2580))/(-4))?
1
Suppose -21*i + 23*i + 38968 = 5*w, i = 5*w - 38974. What is the hundreds digit of w?
7
Let y(f) be the third derivative of f**4/8 - 3*f**3 - 2*f**2. Let o(z) = z**3 + 2*z**2 + z + 13. Let c be o(0). What is the units digit of y(c)?
1
Let s be (-994)/(-28) + (-3)/2. Let g = s + -32. Suppose k - 41 = -v + 18, g*k - 55 = -v. What is the tens digit of v?
6
Suppose 61 = -2*y - 251. Let s = 35 + y. Let t = -72 - s. What is the tens digit of t?
4
Suppose -8*r = -9*r + 3. Let w(j) = j**r - 2*j**3 + 157*j - 161*j - 4. What is the units digit of w(-3)?
5
Suppose 1490962 = 2319*f - 2218*f. What is the ten thousands digit of f?
1
Let d(n) = -2*n**3 + 37*n**2 + 34*n - 41. Let q be d(20). Let j = q - -1199. What is the tens digit of j?
3
Let k be (25 - 21) + -2*1/(-2). Suppose 4*d - 844 = -4*i, -5*i - 1228 + 153 = -k*d. What is the tens digit of d?
1
What is the units digit of 129/(-516)*2/((-12135)/12134 + 1)?
7
Let g be 1578/9 + (-1)/3. Suppose -10*f - 4 = -6*f + 5*i, -2*i = 0. What is the hundreds digit of 20 + g - (-4 - f)?
1
Suppose -3*j - 4*b = -1078 - 1927, j - 5*b - 970 = 0. Suppose 0*o - j = -5*o. Suppose 3*m = -4*v + o, -28 = 3*m - 2*v - 239. What is the units digit of m?
9
Let m(u) = 10*u**2 - 205*u + 42. Let b be m(28). Suppose 524*x - b = 521*x. What is the hundreds digit of x?
7
Suppose 0 = -5*y - 74 + 94. Suppose -5*v + 83 = -3*m + 5*m, y*m - 47 = -3*v. Suppose 18*z = v*z + 174. What is the units digit of z?
4
Let w be (51/34)/(0 - (-3)/8). Suppose -r = w*r - 2665. What is the units digit of r?
3
Suppose 3*n = -4*s - 105, -n = 4*s - 5*n + 112. Let j(u) = -3*u - 79. Let a be j(s). Let k(c) = 56*c + 9. What is the hundreds digit of k(a)?
1
Let h(o) = 163 - o + 12*o + 21*o + o + 24*o. What is the tens digit of h(28)?
5
Let z(y) = -y**3 + 177. Let k(a) = -a**3 - a**2 + 1. Let f(q) = -2*k(q) + z(q). What is the tens digit of f(0)?
7
Let d(h) = h**3 + 8*h**2 - 9*h + 2. Let a be d(-9). Suppose -30 = -a*q - q. Let i(t) = -t**3 + 11*t**2 - 3*t + 11. What is the units digit of i(q)?
1
Let k = 2670 - 4469. Let l = -1256 - k. What is the units digit of l?
3
Let w(r) be the third derivative of -23*r**4/8 + 49*r**3/6 + 96*r**2. What is the units digit of w(-11)?
8
Let c be (55/(-25) - -3)/((-2)/(-15)). Let x(y) = 8*y**2 - 16*y + 10. What is the hundreds digit of x(c)?
2
What is the hundreds digit of (45/(-2))/(33/(-187))*29192/123?
2
Let a(i) = i**3 + 31*i**2 + 30*i + 36. Let o be a(-30). Suppose g = -38*k + o*k + 209, 3*k + 4*g - 311 = 0. What is the hundreds digit of k?
1
Let p(c) = -c**2 + 14*c - 3. Let r(i) = -7*i**2 - 2 + i**2 - i**3 + 8*i**2 + 3*i**2. Let x be r(2). What is the units digit of p(x)?
7
Let i be (148*1)/(-2)*(-7)/14. Suppose 0 = 4*m - y - 800, -2*y - i = -2*m + 369. What is the hundreds digit of m?
1
Let y be (15/(-9) + 1)/(18/1512). What is the tens digit of y/(-9 - -1) + 404?
1
Let q(p) = -5*p + 49. Let o be q(9). Suppose -19*t + 18*t = -o*m + 6568, 4*m - 4*t - 6556 = 0. What is the thousands digit of m?
1
Suppose -4*d - 11*h - 175 = -8*h, 3*d + 4*h = -140. What is the hundreds digit of -4 - ((-16)/d - (-3004)/(-10))?
2
Let q(m) = -28*m - 8. Let w be q(2). Let r = w - -1000. Suppose 31*t - r = 25*t. What is the tens digit of t?
5
Let v(m) = -258*m + 264. Let y = -628 - -624. What is the units digit of v(y)?
6
Let t = -22 + 73. Let n(r) = -r**3 - 4*r**2 + 6*r + 5. Let b be n(-5). Suppose -1 - t = -2*g + 2*z, 5*g - 2*z - 124 = b. What is the units digit of g?
4
Suppose -d - 4*w - 18 = 0, 3*d + 2*d - 3*w = 2. Let v be d/8 + 13/4. Suppose -2*g = 4*o + v*g - 73, 5*g = -5*o + 95. What is the units digit of o?
2
Let w be ((-17)/(-1))/(14 + -13). Let j(y) = -32*y - 40. Let x be j(w). Let b = -360 - x. What is the units digit of b?
4
Let r = 581 - 341. What is the tens digit of (r/14)/(34/1190)?
0
Suppose m - 3 + 6 = f, 3*m = 4*f - 14. Let d(g) = 2*g**3 + 29*g**2 + 98*g + 42. Let u be d(-8). What is the tens digit of (72/u)/(m/25)?
1
What is the ten thousands digit of 6/(-5) - (-2952)/410 - 60495/(-3)?
2
Suppose -4*w - 5*h + 80 = 0, 100 = 15*w - 10*w - 4*h. Suppose 13*v + 4144 = w*v. What is the tens digit of v?
9
Let k be -34 + 31 - -1*7. Let x(v) be the second derivative of 37*v**3/6 + 2*v**2 - 19*v. What is the tens digit of x(k)?
5
Let j = 106 + -126. What is the units digit of (-56)/j - (-3 - 56/(-20))?
3
What is the ten thousands digit of 11/(231/6)*(42318*14)/9?
1
Let b = 137158 - 61080. What is the hundreds digit of b?
0
Suppose -5*i = -4*o - 2363, 948 = -i + 3*i - 3*o. Let c = 801 - i. What is the units digit of c?
0
Suppose -5200 + 680 = -8*a. Suppose -21*h - a = -22*h. What is the units digit of h?
5
Let h(x) = 15*x + 0*x**3 - x**3 - 11*x. Let j be h(-3). Suppose -r + 23 = -j. What is the units digit of r?
8
Let q(u) = -4*u + 2. Suppose 4 - 10 = -3*o. Suppose -o*j = 15 + 9. What is the units digit of q(j)?
0
Suppose w - 2000 - 9039 = 3*o, -3*o - 21 = 0. What is the ten thousands digit of w?
1
Suppose 16*d - 242055 = -54710 + 56783. What is the units digit of d?
8
Suppose r - 95262 - 122151 = -20*r. What is the thousands digit of r?
0
Let z = 14160 + -1714. What is the hundreds digit of z?
4
Let b = 206 - 203. Suppose -b*h + 0*h - 4*o = -1607, -2*h - 5*o + 1083 = 0. What is the units digit of h?
9
What is the units digit of 2/((-36)/(-4266))*2?
4
Suppose 0 = -5*q + 5*d + 20, 4*q + d = -4*d - 2. Suppose 0*n + q*n - 4 = -5*y, -3*n + 6 = -y. Suppose y = s - 10 - 20. What is the units digit of s?
0
Let s be (-2223)/(-390) + 3/10. Suppose -s*x + 3473 = -1333. What is the units digit of x?
1
Let c = 8722 - 7079. What is the units digit of c?
3
Let g(h) = 10*h + 129. Let l be g(0). What is the hundreds digit of l/6*138/3?
9
Let v = -4193 - -30100. What is the ten thousands digit of v?
2
Let y = -130 - -130. Suppose y = 5*g - 2*g + 4*v - 3026, -2*v - 5026 = -5*g. What is the hundreds digit of g?
0
Let o be -3*(100/(-18) + 5)*27. What is the tens digit of -21*8/(138/o - 4)?
8
Suppose -p + 4*l + 5 = 0, 3*l = 4*p - 3 - 17. Suppose 2*h - p = -1. Suppose h*z - 11 = 7. What is the units digit of z?
9
Suppose h + 310 = 6*h. Suppose -86 - h = -2*t. Let d = -12 + t. What is the units digit of d?
2
Suppose 2*m = -3*w + 270, -3*w + 273 = -4*m + 7*m. Let q = 289 + w. What is the hundreds digit of q?
3
Let c(a) = -29*a + 100. Let w(g) = g + 1. Let s(l) = c(l) - 4*w(l). What is the hundreds digit of s(-7)?
3
Let c = -649 - -1650. Let i = -622 + c. What is the tens digit of i?
7
Let h(k) = 5*k + 32. Let x be h(-5). Let c = -77 - x. What is the hundreds digit of 10*(c/(-10) + 4)?
1
Let a(d) = 250*d + 20. Let n be a(3). Let u = n - 140. What is the tens digit of u?
3
Suppose 4*h + 36 = -4*z, -z = -5*h + 10*h + 29. Let g(c) = 26*c**2 + 17*c - 12. What is the hundreds digit of g(h)?
5
Let o